w(b). Suppose 4*n = 3*i - 4 - 1, 3*n = 3*i - 9. What is l(i)?
10
Let y(j) = 2*j + 9. Let s(t) = -1. Let h(u) = 4*s(u) - y(u). Let k be (15/10)/(((-2)/4)/(18 + -15)). Determine h(k).
5
Let b(d) = -d**3 + d**2 + 2*d - 1. Suppose 5 = -12*x - 79. Let z(w) = 8*w**2 + w. Let g be z(1). Let n = g + x. Determine b(n).
-1
Let z(u) = u**2 - 8*u - 74. Let c be z(-6). Let l(j) = -j**2 + 9*j + 6. What is l(c)?
-4
Let z(j) = 20*j**2 - 81*j - 23. Let x(l) = -7*l**2 + 28*l + 8. Let y(h) = -17*x(h) - 6*z(h). What is y(8)?
18
Let v = -39 + 32. Let l(r) = 2*r + 6. Determine l(v).
-8
Let o(h) be the third derivative of 0 + 0*h**4 + 0*h - 1/120*h**6 + 7*h**2 + 0*h**5 + 1/6*h**3. Let k = 2 + -1. Determine o(k).
0
Let v(j) be the third derivative of 0 + 1/6*j**3 + 0*j**4 + 0*j + 1/30*j**5 + 6*j**2 + 1/60*j**6. Suppose -2*l + 3*c = -2, 2*l - 4*c + 2 = 6. Calculate v(l).
-7
Let m be 3/1*(-8)/24 - -6. Suppose 2*x + 16 = 4*s - x, m*x - 6 = 2*s. Let v(d) = d**2 - 6*d + 7. What is v(s)?
14
Let l(f) = -f**2 - 7*f + 1. Suppose -75*z + 18 = -77*z. What is l(z)?
-17
Suppose 9 - 59 = -10*z. Suppose -17 = -2*d - z*t, 2*d + 4*t - 12 = -0*d. Let u(n) be the third derivative of -n**5/60 - n**4/6 + n**3/3 - n**2. Give u(d).
2
Let k(m) = 2*m + m**2 - 6*m + m - 1. Suppose -4*r - 3*z + 165 = 0, -2*z + 98 + 25 = 3*r. Let y = r - 35. What is k(y)?
3
Let h(z) be the first derivative of z**3/3 - z**2/2 + z + 54. Let j be (2 - (-1 + -4)) + -5. Determine h(j).
3
Let x(m) be the second derivative of m**5/20 + 8*m**4/3 + 10*m**3 + 3*m**2 + 28*m. Calculate x(-30).
6
Let r = -10 - 3. Let k(a) be the third derivative of -a**4/24 - 4*a**3/3 - 11*a**2. Let y be k(r). Let w(b) = -b**3 + 5*b**2 + b - 6. What is w(y)?
-1
Let k(a) = 4 - 31*a + 87*a - 31*a - 22*a - a**2. Give k(3).
4
Let l(d) = -2*d + 10. Let c be l(12). Let y be (c/4)/(17/(-34)). Let o(w) = -8*w + w + 2*w - y + 6*w. Calculate o(6).
-1
Let d = -2 + 8. Let a(n) = -2*n**2 - 3*n**2 + 7 + 1 - 5*n - 5*n + n**3. Give a(d).
-16
Let a(v) be the first derivative of v**4/4 + 2*v**3 - 3*v**2/2 - v - 260. Calculate a(-6).
17
Let x(b) be the first derivative of b**3/3 - 3*b**2 + 5*b - 1. Let d be 7 + 0 + 65 + -67. What is x(d)?
0
Let w be 2 + ((-48)/20)/(30/200). Let c(q) = -q**2 - 16*q - 12. Give c(w).
16
Let h(q) = -q + 5. Let r = -28 - -27. Let t(b) = -b - 1. Let o(g) = r*h(g) - 6*t(g). What is o(-2)?
-13
Let y(r) = -7*r + 4. Let s(q) = 6*q + 0 + 4*q - 9 + 2. Let z(p) = -p + 1. Let c(f) = s(f) + 4*z(f). Let t(l) = 5*c(l) + 4*y(l). Determine t(-1).
-1
Let b(a) = -2 - 137*a**2 - 3*a**3 + 2*a**3 + 135*a**2 - 3*a. Determine b(-2).
4
Let o(y) be the second derivative of 0 + 1/2*y**3 - 5/2*y**2 + 1/120*y**6 + 4*y - 5/24*y**4 - 1/30*y**5. Let r(t) be the first derivative of o(t). Give r(3).
-3
Let t be (-4)/20 - (3 + 164/(-20)). Let l(r) = 1 - 45*r**2 - 2 - r**3 - t*r + 38*r**2. What is l(-6)?
-7
Let a(m) = 4 + m**2 - m**3 - 1 - 3*m**2 + 4 - 9. Let w be (1/1)/(3/(-9)). Calculate a(w).
7
Let h(k) = -k + 6. Let d be h(3). Let j(r) = d*r**2 + 2359 - 3*r - 2355 - 4*r**2. Calculate j(-7).
-24
Let m = -4 - 0. Let f = 21 - m. Suppose w + 4*x + f = 0, -w = 3*x - 2*x + 10. Let t(v) = -v. Determine t(w).
5
Let o(d) = -4*d**3 - 4*d**2 - 2*d + 1. Let f(h) = -56*h**2 - 2*h**3 + 1 + h**3 + 57*h**2 - h. Let z(p) = -3*f(p) + o(p). Calculate z(-7).
-9
Let n(p) = -7*p + 3*p**2 - 10*p**2 - 4 - p**3 + 9. Suppose -5*f = 2*k + 40, 0 = -2*f + 6*f + 5*k + 49. Give n(f).
11
Let p(c) be the first derivative of -6*c + 17 + 1/2*c**2. Determine p(0).
-6
Let c(t) be the first derivative of t**4/4 + t**3/3 - 3*t**2/2 + 4*t - 596. Let d be -1*(-2 + 13 - 0). Let y = d - -8. Determine c(y).
-5
Let f(n) = -3*n**2 - 35 + 4*n**2 - 8*n + 23 + 21. Let m be ((-40)/35 + 2)*7. Determine f(m).
-3
Let z(j) = 0 - 4*j - 1 - 5*j + j**3 + 0*j**2 - 3*j**2. Give z(5).
4
Let s(z) = -4*z - 2. Let f be 31/7 - 18/42. Suppose -f*u - 7 - 1 = 0. Calculate s(u).
6
Let p be ((-8)/(-2))/((-2)/(-9)). Let r be p/63 - (-108)/14. Let k(u) = u**2 - 5*u - 9. Determine k(r).
15
Let l = -11/2 - -35/6. Let v(y) be the first derivative of 6*y - 4 - 3*y**2 - l*y**3. Give v(-6).
6
Let a = 1 + 1. Let v(q) be the third derivative of 1/6*q**3 - 28*q**2 - 2 + 0*q - 5/12*q**4. Determine v(a).
-19
Let a = 638 - 631. Let h(t) = 3 - t**2 + 8*t + 0*t - 11. Give h(a).
-1
Suppose -30 = -201*t + 216*t. Let z(s) be the third derivative of s**6/120 - s**5/30 + s**4/24 + s**3/6 + s**2. Calculate z(t).
-17
Let s(f) be the third derivative of f**4/8 - 25*f**3/3 - 645*f**2. What is s(15)?
-5
Suppose 2*n - 21 = -5*z, 3*z - 1 - 8 = 0. Suppose 0 = -n*s + 5*s. Let o(k) = 5 - 15*k - k**2 + 11*k + s. Determine o(-6).
-7
Let v(m) = -m**2 + 21*m - 7. Suppose 3*d = 38*d - 735. Calculate v(d).
-7
Let z(n) = 21*n + 2*n**2 - 1 - n**3 - 21*n. Let b = 7 - 1. Suppose 0 = -3*l + b*l - 6. Give z(l).
-1
Let o be -10*(-2 - (-1 - 3)). Let b(m) = -17*m + 31. Let z be b(3). Let g = z - o. Let a(n) = -n**3 + n - 5. Calculate a(g).
-5
Let a(p) = 5*p**2 - 3. Let x(h) = -14*h**2 - h + 9. Let s(c) = 17*a(c) + 6*x(c). Give s(3).
-6
Let i be 0/(5 + -2)*(-123)/738. Let r(a) = -7*a + 1. Let m(z) = -3*z. Suppose -k - 3*o = -2, -k = 3*k + 2*o - 18. Let c(w) = k*m(w) - 2*r(w). What is c(i)?
-2
Let w = 12 + -6. Suppose 3*t = -3*b - w - 18, -b = -4*t - 12. Let q(o) = o**3 + 3*o**2 - 5*o - 5. Determine q(b).
-1
Let a be (-12)/(-10)*(9 - 4). Suppose 0 = 2*f + 1 - 19. Let w(t) = 17 - f - 6 + 2*t - 7. Give w(a).
7
Suppose -5*h - 30 = -10*d + 5*d, 2*h + 6 = -4*d. Let j(v) = v**3 + 4*v**2 - 9*v - 25. Give j(h).
-5
Let z(k) = -k + 3. Let y = 885 - 879. Calculate z(y).
-3
Let h(f) = -35*f**3 + 19*f**3 - 3*f**2 + 11*f**3 + 4 + 4*f**3 - f + 5*f. Let m be -2 - (2 - -2 - 2). What is h(m)?
4
Let j be (-8)/3*(-7 + -41)/(-2). Let a = -63 - j. Let t(k) = 14*k**3 - 2*k**2 + 1. Determine t(a).
13
Let u(c) = -9. Let s(x) = x + 1. Let g(n) = -3*s(n) - u(n). Let a = 429 - 425. Give g(a).
-6
Let o(x) = x - 5. Let h be (8 + 2)*(-10)/(-25). Suppose 4*g + 1 = 5*q + h, -g + 22 = 3*q. Determine o(g).
2
Suppose 4*n - 12 = 52. Suppose -n = 4*y + 3*q, 3*y - q - 1 = -0*q. Let z be y - (9/3 - 2). Let j(r) = -6*r + 1. What is j(z)?
13
Let l be 2/9 + (-76)/18. Let i be (-1)/((-1)/(l - 3)). Let w = 4 + i. Let o(y) = -y**3 - 3*y**2 + 1. Calculate o(w).
1
Let r(l) = -l**3 - 4*l**2 + 2*l - 14. Let s be r(-5). Let j(f) = 6*f + 1. What is j(s)?
7
Let n(m) be the third derivative of -m**8/20160 - m**7/2520 + m**6/360 + m**5/15 - 6*m**2. Let x(i) be the third derivative of n(i). What is x(-3)?
-1
Let n(h) = -2*h + 8*h + 8*h + 6*h - 1. Calculate n(1).
19
Let p(k) = 118*k + 122*k + 123*k - 349*k + 38. Determine p(-3).
-4
Let y be (68 - 66) + 4 + 1. Let o(x) = -x**3 + 11*x**2 - 28*x + 6. Give o(y).
6
Let c = -46 + 26. Let a be 36/(-10) + 8/c. Let d(q) be the second derivative of -q**5/20 - q**4/4 + 5*q**3/6 + q**2 + 2*q. Give d(a).
-2
Let j be 3/(-3) - (-3 + 8). Let p(q) = q + 10. Give p(j).
4
Let v(m) = -4*m + 39 - 10 - 12 + 7. Determine v(7).
-4
Let g(q) = -q**3 - 6*q**2 + 11*q - 2. Let v be g(-8). Let s be v/10 - ((-2)/5)/2. Let m(f) = -f**3 + 5*f**2 - 3*f - 3. What is m(s)?
1
Let k(y) = -28*y**2. Let l = -1700 + 1701. Determine k(l).
-28
Let z(j) = -2*j**2 - 5*j - 3. Let y(n) = n**2 + 4*n + 4. Let b(c) = 2*y(c) + 3*z(c). Let u(d) = d**2 + d. Let t(m) = -b(m) - 3*u(m). Give t(-3).
-2
Let q(i) = i**2 + 10*i - 5. Suppose 0 = -3*k - 3*k - 48. Determine q(k).
-21
Let r = 124 - 124. Let w(o) = -o**3 + o**2 - o + 12. What is w(r)?
12
Let x(i) = -2*i + 9. Let v = 0 - 2. Let u be 7 + v - 0/(-7). Suppose -u*m + 38 = -4*t, m + 2*m + 3*t - 12 = 0. What is x(m)?
-3
Let c(b) = -3 + 5*b**2 - 4 + b**3 + 4 + 2*b. Suppose 5*g + 5*a - 5 = 0, 188*g - 183*g - 2*a = -30. What is c(g)?
5
Let r = 1181 + -1182. Let o(x) = -29*x**2 - 1. Give o(r).
-30
Let j be 2/(-14) - 8/(-7). Suppose -5*n = -j - 24. Let i(z) = n*z + 7*z - 15*z. What is i(-3)?
9
Let w = -4 + 2. Let g(o) = -7*o + 20 - 38 + 16. Determine g(w).
12
Let n(a) = -a**3 + 2*a**2 + 2*a + 2. Let i = -11 + 45. Suppose -i*j + 10 = -39*j. What is n(j)?
14
Let g(i) be the second derivative of i**4/12 - 3*i**3/2 + 9*i**2/2 - 2*i. Let u be g(7). Let c = u - 0. Let v(t) = -2*t - 4. What is v(c)?
6
Suppose -2*u = -s, -3 = 2*s - 3*s + u. Let d be (-4)/6*(-9)/s. Let q(y) = 8 + 15 - 8*y - 2